isor of 143360 and 105?
35
Calculate the greatest common divisor of 168 and 919688.
56
What is the highest common factor of 12 and 2169582?
6
Calculate the highest common factor of 851 and 9028.
37
Calculate the greatest common divisor of 4194 and 7182.
18
What is the greatest common factor of 508 and 484?
4
Calculate the highest common divisor of 7416 and 4532.
412
Calculate the highest common factor of 14955 and 765.
15
What is the greatest common divisor of 643086 and 12?
6
What is the greatest common divisor of 1040 and 10296?
104
Calculate the highest common factor of 45563 and 1288.
161
What is the highest common divisor of 26 and 2144519?
13
Calculate the greatest common factor of 3860 and 282745.
965
Calculate the highest common divisor of 3033492 and 469.
469
Calculate the highest common factor of 88 and 5416.
8
What is the greatest common factor of 14 and 7217?
7
What is the highest common factor of 46 and 7978?
2
Calculate the highest common divisor of 392 and 111832.
56
What is the highest common divisor of 448 and 330008?
56
What is the highest common factor of 105 and 3241105?
35
Calculate the highest common divisor of 78470 and 190.
190
Calculate the greatest common divisor of 2185031 and 159.
53
Calculate the highest common divisor of 18449 and 361.
19
What is the highest common divisor of 303 and 720?
3
Calculate the greatest common factor of 7911 and 13771.
293
What is the highest common factor of 3235 and 5?
5
Calculate the greatest common divisor of 468269 and 394.
197
Calculate the greatest common divisor of 1435 and 539.
7
Calculate the greatest common divisor of 6675877 and 13.
13
Calculate the greatest common divisor of 108 and 325044.
36
What is the greatest common factor of 500 and 8790?
10
Calculate the highest common factor of 2324 and 9492.
28
What is the highest common factor of 1513 and 29192?
89
Calculate the greatest common factor of 2079 and 7317.
27
Calculate the greatest common divisor of 190 and 19114.
38
What is the greatest common divisor of 78239 and 203?
7
Calculate the highest common divisor of 111384 and 91.
91
Calculate the highest common divisor of 1976 and 12312.
152
What is the greatest common divisor of 36568 and 327806?
1306
Calculate the highest common factor of 4290 and 219570.
390
What is the greatest common factor of 48 and 5176?
8
Calculate the greatest common factor of 22 and 437558.
22
What is the highest common factor of 58 and 1073?
29
Calculate the greatest common divisor of 17289 and 306.
153
Calculate the highest common divisor of 3035417 and 553.
553
What is the greatest common divisor of 24 and 667176?
24
Calculate the highest common factor of 66168 and 48.
24
What is the highest common factor of 4550 and 6475?
175
What is the highest common factor of 72 and 67104?
72
What is the highest common divisor of 1281 and 27237?
21
What is the highest common divisor of 21 and 39557?
7
Calculate the greatest common factor of 19 and 675811.
19
What is the highest common divisor of 348 and 41856?
12
What is the greatest common factor of 402 and 8132862?
402
What is the highest common factor of 1314 and 214?
2
What is the greatest common factor of 752 and 1664?
16
Calculate the highest common factor of 836 and 12.
4
What is the highest common divisor of 65865 and 30?
15
What is the highest common divisor of 464 and 17951?
29
Calculate the highest common divisor of 15615 and 60345.
45
Calculate the highest common factor of 906 and 32163.
453
What is the highest common divisor of 840726 and 54?
54
What is the greatest common factor of 26213561 and 121?
121
What is the greatest common factor of 2310 and 570?
30
Calculate the highest common divisor of 54 and 9710577.
27
What is the highest common factor of 231 and 231?
231
Calculate the highest common divisor of 288 and 11124.
36
Calculate the greatest common divisor of 5 and 4073.
1
What is the highest common divisor of 1312986 and 354?
354
Calculate the greatest common divisor of 925 and 8675.
25
Calculate the greatest common divisor of 3690351 and 35.
7
What is the highest common divisor of 168 and 30513?
21
Calculate the highest common divisor of 1336 and 54442.
334
Calculate the greatest common factor of 6235 and 2030.
145
What is the greatest common factor of 828 and 4462?
46
Calculate the greatest common divisor of 6276 and 24.
12
What is the greatest common divisor of 2984 and 2829951?
373
What is the highest common divisor of 79441 and 51?
17
Calculate the greatest common factor of 75 and 1695.
15
Calculate the highest common factor of 36214 and 114.
38
Calculate the highest common divisor of 22 and 328.
2
Calculate the highest common divisor of 31132 and 344.
172
Calculate the greatest common factor of 170073 and 198.
9
Calculate the highest common factor of 51669 and 774.
9
Calculate the greatest common divisor of 1288263 and 179.
179
What is the greatest common factor of 74268 and 84?
12
What is the highest common factor of 14690 and 720?
10
Calculate the highest common divisor of 14 and 2328830.
14
What is the highest common divisor of 10196 and 36?
4
Calculate the greatest common divisor of 22 and 1483526.
22
Calculate the highest common divisor of 174 and 5104.
58
Calculate the greatest common factor of 2820 and 343100.
940
What is the highest common factor of 8336 and 480?
16
What is the highest common divisor of 598 and 7314?
46
What is the greatest common factor of 2304440 and 53?
53
What is the greatest common factor of 38 and 23750?
38
What is the greatest common factor of 7870 and 7690?
10
What is the greatest common divisor of 120 and 333240?
120
Calculate the greatest common factor of 45405 and 45.
45
What is the highest common factor of 2851 and 22?
1
Calculate the greatest common factor of 72106 and 186.
62
What is the highest common divisor of 80 and 12088?
8
What is the greatest common factor of 1806 and 1995?
21
What is the highest common factor of 2307 and 467552?
769
What is the highest common factor of 276075 and 3375?
675
What is the highest common divisor of 24972 and 7?
1
Calculate the highest common factor of 496 and 3782.
62
Calculate the highest common divisor of 3170180 and 1096.
548
Calculate the highest common factor of 1485 and 147785.
55
Calculate the highest common divisor of 109 and 217564.
109
Calculate the greatest common factor of 19057 and 4071.
59
Calculate the highest common factor of 158 and 257382.
158
What is the highest common factor of 62 and 820291?
31
What is the highest common factor of 65860 and 28120?
740
What is the greatest common factor of 3995 and 600049?
799
Calculate the highest common divisor of 67998 and 2436.
42
Calculate the greatest common divisor of 7375 and 29795.
295
What is the highest common divisor of 343998 and 783?
261
What is the greatest common factor of 194 and 21631?
97
Calculate the highest common factor of 153 and 4869.
9
What is the greatest common divisor of 4270 and 280?
70
What is the greatest common factor of 543280 and 120?
40
Calculate the greatest common divisor of 1500 and 26100.
300
What is the highest common divisor of 1669941 and 3276?
819
Calculate the highest common factor of 11 and 140591.
11
Calculate the greatest common factor of 291 and 6396.
3
What is the greatest common divisor of 1140 and 1884?
12
What is the highest common divisor of 50592 and 5580?
372
Calculate the greatest common factor of 512 and 25504.
32
What is the highest common divisor of 279 and 4309?
31
Calculate the highest common factor of 153420 and 40.
20
What is the highest common factor of 1183007 and 49?
49
What is the highest common factor of 1339307 and 116?
29
Calculate the greatest common factor of 230 and 736.
46
Calculate the greatest common divisor of 6642 and 394830.
738
Calculate the highest common factor of 68688 and 156.
12
Calculate the highest common factor of 450 and 18150.
150
Calculate the highest common factor of 6973 and 2736.
19
What is the greatest common factor of 801 and 30794?
89
What is the highest common factor of 33371 and 663?
221
Calculate the highest common divisor of 35173 and 17.
17
Calculate the greatest common divisor of 31257 and 3624.
453
What is the greatest common factor of 367 and 1327439?
367
What is the highest common factor of 61